0).
-1
Let a(d) = -d + 4*d**3 - 3*d**3 + 9*d**2 + 3*d - 11*d**3 + 13 + 11*d**3. Calculate a(-9).
-5
Let c(x) = -34*x**3 + x**2 + 29*x**3 - 19*x**3 + x. Give c(-1).
24
Let m(o) = o**2 - o + 2. Let s(c) = -5*c**2 + 22*c. Let i(h) = 4*m(h) + s(h). What is i(18)?
8
Let y(b) = b**2 - 14*b - 3. Suppose -20*c + 22 = f - 24*c, 4*f - 60 = 2*c. Give y(f).
-3
Let n(x) = x - 5. Let p(f) = f**2 - 4*f - 3. Let v be p(0). What is n(v)?
-8
Suppose -2*r - 4*x = -9*x + 20, 0 = -5*r + x - 4. Let d(b) be the third derivative of -1/24*b**4 - 1/10*b**5 + 0 + r*b - 5*b**2 + 0*b**3. Give d(-1).
-5
Let b be 12/4 + -2 + -1 + 27. Let n(j) = 5*j**2 + 13 + j**2 - 4*j - b - j**3 + 13. Let s be (20/(-6))/(4/(-6)). What is n(s)?
4
Suppose 0 = 16*a - 196 + 4. Let g(v) = v**3 - 11*v**2 - 12*v + 5. Give g(a).
5
Let v(a) = -13*a + 9. Let n(o) = -53*o + 36. Let k(g) = -2*n(g) + 9*v(g). Let i(h) = -32*h + 26. Let p(w) = -5*i(w) + 14*k(w). Calculate p(3).
14
Let a = -111 + 113. Let d(m) = 18*m - 1. Determine d(a).
35
Suppose -3*w - 3 = -4*w. Let p(o) = -57*o + 59*o + o**3 + 3*o**2 + o**w. Determine p(-2).
-8
Let p(z) = z. Let f(u) = -2*u**2 + u + 3. Let n be f(-4). Let i be 2/(-11) - 171/n. Suppose -5 = -l, i*q + 2*l + 0*l + 5 = 0. Calculate p(q).
-3
Let r(u) = -u**3 + 6*u**2 - 5*u + 4. Let j = 202 - 108. Suppose -4*d - 22 + j = 0. Let y = 23 - d. What is r(y)?
4
Let z(c) be the third derivative of c**4/24 + 7*c**3/6 - 195*c**2 + 1. Calculate z(8).
15
Let o(d) be the second derivative of d**3/6 + 9*d**2/2 + 2*d + 1. What is o(-7)?
2
Let x(q) be the first derivative of -q**3/3 + 6*q**2 + 5*q + 514. What is x(8)?
37
Suppose 2 = 5*r + 12. Let z(o) be the second derivative of o**5/120 + o**4/24 + 10*o**3/3 - 4*o. Let s(u) be the second derivative of z(u). What is s(r)?
-1
Let g(k) be the second derivative of k**6/360 - k**5/24 + 7*k**4/2 - 40*k. Let o(j) be the third derivative of g(j). Calculate o(6).
7
Let k = 5 + -6. Let u(v) be the first derivative of -v**2/2 + 2. Let a(x) = 3*x - 1. Let n(i) = a(i) + 6*u(i). Determine n(k).
2
Let z(p) = 6*p - 44. Let b(k) = 7*k - 50. Let n(f) = 4*b(f) - 5*z(f). Give n(15).
-10
Let t(r) = -r**2 - 6*r - 3. Suppose 3*s - 3*i + 0*i = -18, -s - 4*i = -19. Let n(h) = 283*h**2 + 1 + 6*h - 284*h**2 - 4*h. Let a be n(s). Determine t(a).
5
Let l(r) = 3*r + 725 - r - 706 - r. Give l(-6).
13
Let q(b) = b**2 - 6*b + 6. Let c(k) = -k + 6. Let d = -20 - -26. Let h be c(d). Suppose -2*f + 3*s + 2*s - 17 = h, 2*f - s - 3 = 0. Calculate q(f).
-2
Let z(s) = s - 4. Let f(t) = 24*t - 84. Let q be f(4). Calculate z(q).
8
Suppose -n = 3*q + 16, -2*q = 2*n + 17 - 1. Suppose -22 - 4 = -2*h. Let y(g) = 6 + 10*g - 19*g + h*g. Calculate y(n).
-10
Let y(v) = 2*v**2 + 6*v + 1. Let g(w) = -w**2 - 7*w + 26. Let q be g(-10). Calculate y(q).
9
Let k(j) be the first derivative of -2*j**3/3 + 8*j**2 - 7*j - 286. Determine k(6).
17
Suppose -3*n + 4 = -2*y, 4*n = 4*y + 2*n - 8. Suppose 3 + y = x. Let l(s) = -s**3 + 8*s**2 - 6*s - 2. Calculate l(x).
5
Let s = -61 - -67. Let p(g) = -14*g**3 - 21*g**2 + 7*g - 14. Let r(k) = 5*k**3 + 7*k**2 - 2*k + 5. Let o(u) = -6*p(u) - 17*r(u). Calculate o(s).
-13
Let r(q) = q**3 + q**2 - q. Suppose -6*k = -2*k - 8. Let o be -1*0/(k/(-2 + 4)). Give r(o).
0
Let v(c) = 2*c**3 + 21*c**2 + 5*c - 10. Let l(w) = -w**3 - 11*w**2 - 2*w + 5. Let u(m) = -5*l(m) - 3*v(m). Suppose -14*k + 3*k - 77 = 0. What is u(k)?
-9
Let j(l) be the second derivative of 1/2*l**2 + 4/3*l**3 + 0 - 19*l. Give j(-3).
-23
Let i(y) be the second derivative of -12*y + 5/6*y**3 + 1/12*y**4 - y**2 + 0. Calculate i(-5).
-2
Let n(m) be the first derivative of m**6/120 + m**5/10 + m**4/8 - m**3/3 + 2*m**2 + 18. Let q(y) be the second derivative of n(y). What is q(-5)?
8
Suppose 30 = -3*d + 9*d. Suppose d*f - 8 = -5*x + 37, 0 = 2*x - 5*f + 17. Let w(p) = p**3 - 5*p**2 + 5*p - 2. Calculate w(x).
2
Let p(h) = -2. Let o(k) = k - 1. Let s(a) = o(a) - 5*p(a). What is s(-13)?
-4
Let a(j) = -j + 4. Suppose -104 = 3*l - 110. Let g be l/4 - (-25)/10. Give a(g).
1
Let v(x) = 9*x. Let p be v(3). Let s = p + -34. Let n(d) = d**2 + 8*d + 8. What is n(s)?
1
Let z(y) = 3*y + 66. Let q be -6*(-6 + (-87)/(-9)). Determine z(q).
0
Let c(y) = -4*y**3 - y**2 + y - 1. Suppose 2*q = -3*i - 5 + 25, 0 = 4*q - 4. Suppose -2*w + w + 7 = 0. Let s = w - i. What is c(s)?
-5
Let o = 6 - 13. Suppose 2*p - 4*p + 2*j + 24 = 0, p = 3*j + 22. Let r(d) = p + 3 - d - 4*d + 7*d. Determine r(o).
-4
Suppose 0 = -16*l + 12*l + 20. Let k(z) be the first derivative of 4*z + 4/3*z**3 - 1/4*z**4 + 4 + 5/2*z**2. Calculate k(l).
4
Suppose 0 = -2*z + 4, b + 5*z + 20 = 6*b. Let a(s) = -2 + b*s - 4*s - s + 0*s. What is a(6)?
4
Let y(h) = 9*h + 9161 + 4*h**2 - 9173 - h**2 - 2*h**2. What is y(-10)?
-2
Let c(k) = k + 160*k**3 + 8*k**2 - 161*k**3 + 0*k**2 - 3. What is c(8)?
5
Let v(h) = 29*h**2 - 2*h. Let n be v(-1). Let a = 26 - n. Let x(d) = -3*d - 6. What is x(a)?
9
Let n = 8 - -71. Let o = n + -80. Let d(v) = -3*v + 7. Let q(i) = -i + 3. Let s(m) = 2*d(m) - 5*q(m). Calculate s(o).
0
Let r = 109 + -64. Let y be (-2)/(6/r) - -3. Let w = y - -10. Let j(g) = -g**3 - 4*g**2 - 2*g + 1. Calculate j(w).
-3
Let n(r) be the second derivative of -r**3/3 + 2*r**2 - r. Let w = 1394 - 1397. Give n(w).
10
Let w(b) be the third derivative of 5*b**4/24 + 7*b**3/6 + 2*b**2. Let x(h) = -h. Let t(g) = -w(g) - 4*x(g). What is t(-5)?
-2
Let p(g) = -2*g + 1. Let d(v) be the second derivative of -v**4/12 + 7*v**3/3 + 7*v**2 - 3*v. Let z be d(15). Calculate p(z).
3
Suppose 2*a + w = -2*w + 24, -2*a + 16 = -w. Let c(r) = 1 - r + a*r - 7*r. What is c(-7)?
-6
Let j = 20 + -6. Suppose s = -3*t + 21, t = 3*t + 3*s - j. Let d(x) = x - 5. Determine d(t).
2
Suppose 9*t - 39 = -12. Suppose -1 = t*i - 4*r - 24, 0 = i - 5*r - 15. Let c(d) = d**2 - 8*d + 4. Calculate c(i).
-11
Let v(f) be the second derivative of -2*f + 2*f**2 + 1/12*f**4 + 1/6*f**3 + 1/30*f**5 + 1/120*f**6 + 0. Let p(a) be the first derivative of v(a). What is p(-2)?
-3
Let k(q) = 5*q**2 - 2*q + 3. Let a(i) = -11*i**2 + 4*i - 6. Let r(f) = -6*a(f) - 13*k(f). Suppose 5*z + 19 = -3*y + 4*y, -2*y = 2. Calculate r(z).
5
Let x(r) = -2*r - 2. Let o = 278 - 277. Calculate x(o).
-4
Let n(t) = 11*t**2 + t - 7. Let w(y) = 2*y**2 + y - 2. Let k(z) = -n(z) + 5*w(z). Give k(5).
-8
Let f(h) = -h**3 + 15*h**2 - 18*h + 18. Let i(u) = u**2 + 16*u + 29. Let j be i(-15). What is f(j)?
-38
Let d(h) = h**2 - 4*h - 3. Let r(c) = -c**2 + 4*c + 3. Let t(q) = 7*d(q) + 6*r(q). Let i be t(4). Let o = i - -3. Let g(m) = -m**2 - 11. Give g(o).
-11
Let z be 710/(-1800) - (-1)/(-9)*-4. Let w(o) be the second derivative of -2*o - 5/6*o**3 + z*o**5 - 1/4*o**4 + 0 + 3/2*o**2. Determine w(4).
-1
Suppose -28 = -7*r + 6*r - 5*p, 71 = 3*r + 2*p. Let u(s) = -2*s + 37. What is u(r)?
-9
Let k = -1280 + 1275. Let o(p) be the second derivative of -p**5/20 - p**4/2 - p**3/2 + 3*p**2/2 + 3*p. Determine o(k).
-7
Let b(i) = -91 + 91 + 5*i. Let q be (-1)/(-2*4/(-8)). Determine b(q).
-5
Let a(p) = -5*p**2 - 1 + 179101*p - p**3 - 179099*p - p**2. Suppose 3*y + 21 = -5*u, -2*y - 19 + 7 = 3*u. Give a(u).
-13
Let u(m) = -11*m**3 - 2*m**2 + m. Let w(j) = j**3 + 2*j**2 - 7*j - 11. Let d be w(-3). What is u(d)?
-12
Let b(q) be the first derivative of 1/2*q**2 + 0*q + 47 - 7/4*q**4 + 0*q**3. Let j be (-2 - 0)*(-1)/(-2). Calculate b(j).
6
Let v(b) = 16559*b**2 - 16559*b**2 - 42*b**3 + 1 + b. What is v(-1)?
42
Let m(w) = 9*w - 39. Let x be m(7). Suppose x = 6*q + 2*q. Let i(r) = -r**2 + 2. Give i(q).
-7
Let x(q) = 3*q - 5. Let a(s) = s - 2. Let y(r) = 5*a(r) - 2*x(r). Let k be y(-2). Let z(m) = -5*m - 8 + 0 - k*m + 6*m. Give z(-9).
1
Let b(a) = -2*a + 3. Suppose -5*k = -2*n - 72, -2*k + 2*n + 39 - 9 = 0. Suppose -h + 7 = 3*m, 5*h - 3*m - 49 + k = 0. Determine b(h).
-11
Let g(c) be the third derivative of 1/2*c**3 + 0 + 0*c + 7/60*c**5 + 1/120*c**6 - 7/24*c**4 - 22*c**2. What is g(-8)?
-5
Let k(z) = z**2 + 10*z + 19. Suppose -2*s = -4*i - 15 + 41, s + 5*i = 8. Let x be k(s). Let l(q) = 3*q - 1. Determine l(x).
-7
Let i(k) = -k + 1. Let d(p) = p**3 - 2*p**2 - 4. Let r be d(3). Suppose r*y = 0, 5*f + 4*y - 20 = -0*y. Suppose z + g = -6, -g - 8 = f*z - z. Calculate i(z).
2
Let h(p) = 6*p + 12 - 12 + 2*p**2. Let k be 234/(-60) - (-3)/(-30). What is h(k)?
8
Let r(j) be